26
What is the remainder when 1056117 is divided by 148?
137
What is the remainder when 428 is divided by 44?
32
What is the remainder when 1964 is divided by 1797?
167
What is the remainder when 13679 is divided by 569?
23
Calculate the remainder when 3491 is divided by 394.
339
What is the remainder when 29929 is divided by 74?
33
What is the remainder when 52777 is divided by 10?
7
What is the remainder when 1003520 is divided by 169?
167
Calculate the remainder when 342 is divided by 291.
51
What is the remainder when 7527 is divided by 45?
12
What is the remainder when 27194 is divided by 245?
244
What is the remainder when 10557 is divided by 3477?
126
What is the remainder when 28267 is divided by 24?
19
Calculate the remainder when 240 is divided by 34.
2
What is the remainder when 73317 is divided by 57?
15
Calculate the remainder when 9099 is divided by 26.
25
Calculate the remainder when 254780 is divided by 683.
21
Calculate the remainder when 3126270 is divided by 43.
41
Calculate the remainder when 1003 is divided by 33.
13
What is the remainder when 1591 is divided by 12?
7
Calculate the remainder when 224 is divided by 24.
8
Calculate the remainder when 4260197 is divided by 6.
5
Calculate the remainder when 4736 is divided by 1079.
420
What is the remainder when 306667 is divided by 1184?
11
What is the remainder when 11028 is divided by 1377?
12
What is the remainder when 661977 is divided by 59?
56
What is the remainder when 10610 is divided by 128?
114
Calculate the remainder when 1314 is divided by 165.
159
What is the remainder when 3462 is divided by 500?
462
What is the remainder when 4165 is divided by 330?
205
What is the remainder when 19643 is divided by 9?
5
Calculate the remainder when 5486 is divided by 14.
12
Calculate the remainder when 210671 is divided by 22.
21
What is the remainder when 29517 is divided by 4?
1
What is the remainder when 48725 is divided by 2537?
522
Calculate the remainder when 12671 is divided by 8.
7
What is the remainder when 16185 is divided by 5377?
54
What is the remainder when 7237 is divided by 182?
139
What is the remainder when 6299 is divided by 70?
69
Calculate the remainder when 3609 is divided by 405.
369
Calculate the remainder when 175191 is divided by 335.
321
Calculate the remainder when 66986 is divided by 30.
26
What is the remainder when 1502 is divided by 66?
50
What is the remainder when 592 is divided by 152?
136
Calculate the remainder when 44735 is divided by 96.
95
Calculate the remainder when 3293 is divided by 21.
17
What is the remainder when 16875 is divided by 603?
594
What is the remainder when 41712 is divided by 309?
306
Calculate the remainder when 10583 is divided by 75.
8
Calculate the remainder when 8845 is divided by 309.
193
Calculate the remainder when 6580 is divided by 78.
28
Calculate the remainder when 67847 is divided by 45.
32
Calculate the remainder when 929 is divided by 184.
9
Calculate the remainder when 11522 is divided by 186.
176
Calculate the remainder when 924 is divided by 563.
361
What is the remainder when 19253 is divided by 12?
5
What is the remainder when 1260 is divided by 788?
472
Calculate the remainder when 34253 is divided by 55.
43
What is the remainder when 631728 is divided by 14?
6
What is the remainder when 305 is divided by 253?
52
What is the remainder when 2987 is divided by 207?
89
Calculate the remainder when 251139 is divided by 10.
9
Calculate the remainder when 23059 is divided by 20.
19
What is the remainder when 13045 is divided by 163?
5
What is the remainder when 1485 is divided by 116?
93
Calculate the remainder when 18905 is divided by 40.
25
Calculate the remainder when 153923 is divided by 508.
507
Calculate the remainder when 12464 is divided by 1797.
1682
Calculate the remainder when 20368 is divided by 463.
459
What is the remainder when 1664386 is divided by 27?
25
Calculate the remainder when 59 is divided by 28.
3
Calculate the remainder when 1084020 is divided by 38.
32
Calculate the remainder when 3162 is divided by 827.
681
What is the remainder when 1013571 is divided by 3?
0
What is the remainder when 22502 is divided by 16?
6
What is the remainder when 16859 is divided by 111?
98
Calculate the remainder when 27586 is divided by 5517.
1
Calculate the remainder when 17052 is divided by 3409.
7
What is the remainder when 33625 is divided by 190?
185
What is the remainder when 6156 is divided by 106?
8
What is the remainder when 120518 is divided by 4155?
23
What is the remainder when 263100 is divided by 737?
728
Calculate the remainder when 4182 is divided by 1331.
189
Calculate the remainder when 10977 is divided by 2195.
2
What is the remainder when 1449540 is divided by 358?
356
Calculate the remainder when 18941 is divided by 9457.
27
What is the remainder when 2637 is divided by 11?
8
Calculate the remainder when 22689 is divided by 89.
83
What is the remainder when 894422 is divided by 184?
182
Calculate the remainder when 1335 is divided by 228.
195
Calculate the remainder when 1353418 is divided by 309.
307
Calculate the remainder when 26880 is divided by 4146.
2004
Calculate the remainder when 582758 is divided by 221.
202
Calculate the remainder when 30070 is divided by 485.
0
What is the remainder when 24060 is divided by 46?
2
Calculate the remainder when 742411 is divided by 11.
10
What is the remainder when 13030 is divided by 6463?
104
What is the remainder when 1048 is divided by 265?
253
What is the remainder when 1254 is divided by 500?
254
Calculate the remainder when 333242 is divided by 11491.
3
Calculate the remainder when 2912 is divided by 692.
144
What is the remainder when 21585 is divided by 2612?
689
What is the remainder when 24530 is divided by 111?
110
What is the remainder when 49536 is divided by 21?
18
Calculate the remainder when 1616 is divided by 616.
384
What is the remainder when 16851 is divided by 52?
3
What is the remainder when 3220 is divided by 361?
332
Calculate the remainder when 1084133 is divided by 1249.
1
What is the remainder when 87628 is divided by 46?
44
Calculate the remainder when 12566 is divided by 6.
2
Calculate the remainder when 432272 is divided by 61753.
1
Calculate the remainder when 50072 is divided by 474.
302
Calculate the remainder when 2460 is divided by 179.
133
What is the remainder when 9051 is divided by 8872?
179
Calculate the remainder when 6486 is divided by 125.
111
What is the remainder when 1737 is divided by 1668?
69
Calculate the remainder when 10044 is divided by 3329.
57
What is the remainder when 17615 is divided by 1759?
25
What is the remainder when 10141 is divided by 5041?
59
What is the remainder when 5281 is divided by 5023?
258
What is the remainder when 1604 is divided by 437?
293
Calculate the remainder when 14075 is divided by 784.
747
What is the remainder when 954 is divided by 33?
30
What is the remainder when 8902 is divided by 178?
2
Calculate the remainder when 6451 is divided by 1282.
41
What is the remainder when 52847 is divided by 302?
299
Calculate the remainder when 56334 is divided by 18608.
510
Calculate the remainder when 426836 is divided by 192.
20
What is the remainder when 9236 is divided by 15?
11
Calculate the remainder when 50084 is divided by 16694.
2
What is the remainder when 22419 is divided by 383?
205
Calculate the remainder when 36258 is divided by 74.
72
Calculate the remainder when 2262 is divided by 1019.
224
What is the remainder when 102444 is divided by 34115?
99
Calculate the remainder when 19895 is divided by 127.
83
Calculate the remainder when 20952 is divided by 75.
27
Calculate the remainder when 93145 is divided by 509.
507
Calculate the remainder when 8906 is divided by 1113.
2
What is the remainder when 4333 is divided by 7?
0
Calculate the remainder when 548139 is divided by 73.
55
Calculate the remainder when 55718 is divided by 151.
150
What is the remainder when 64639 is divided by 32313?
13
Calculate the remainder when 11201 is divided by 181.
160
What is the remainder when 66321 is divided by 2456?
9
What is the remainder when 68053 is divided by 68051?
2
Calculate the remainder when 57865 is divided by 34.
31
What is the remainder when 167947 i